ighest common factor of 100 and 146420.
20
Calculate the greatest common divisor of 2072 and 14.
14
What is the greatest common factor of 89794 and 646?
646
Calculate the highest common divisor of 8338 and 1298.
22
Calculate the greatest common factor of 479 and 55.
1
What is the highest common divisor of 19044 and 1656?
828
What is the greatest common divisor of 27683 and 1116?
31
What is the greatest common divisor of 255695 and 110?
55
What is the highest common divisor of 150 and 6105?
15
Calculate the greatest common factor of 3812425 and 25.
25
What is the greatest common factor of 954 and 348528?
318
Calculate the highest common divisor of 7837 and 544.
17
Calculate the highest common divisor of 180 and 2867715.
45
Calculate the highest common divisor of 3487700 and 200.
100
What is the highest common divisor of 193522 and 2576?
322
What is the greatest common divisor of 332 and 560582?
166
Calculate the highest common factor of 279 and 924327.
279
Calculate the highest common divisor of 24 and 56436.
12
Calculate the greatest common divisor of 121 and 217074.
121
What is the highest common divisor of 120 and 2290?
10
What is the highest common divisor of 12183 and 26133?
93
Calculate the highest common divisor of 93 and 1157.
1
What is the greatest common factor of 1212 and 1001516?
404
Calculate the highest common divisor of 1707972 and 126.
42
What is the greatest common factor of 655700 and 75?
25
Calculate the highest common divisor of 978912 and 396.
396
Calculate the greatest common divisor of 1741438 and 2510.
502
Calculate the highest common divisor of 205 and 132389.
41
Calculate the highest common factor of 6426 and 594.
54
Calculate the highest common factor of 99 and 1602.
9
What is the greatest common factor of 35475 and 66?
33
What is the highest common divisor of 3304 and 36698?
118
Calculate the highest common divisor of 424 and 172727.
53
Calculate the greatest common factor of 629 and 6253.
37
What is the highest common factor of 285 and 1766265?
15
Calculate the greatest common divisor of 2272 and 124534.
142
What is the highest common divisor of 540 and 1360?
20
What is the highest common divisor of 124 and 52700?
124
What is the highest common divisor of 1 and 6599?
1
Calculate the greatest common divisor of 67332 and 868.
124
Calculate the highest common factor of 395 and 110.
5
Calculate the highest common divisor of 274352 and 208.
208
What is the highest common divisor of 896346 and 1134?
162
What is the greatest common factor of 446918 and 3095?
619
Calculate the greatest common factor of 161650 and 50.
50
Calculate the greatest common divisor of 79428 and 48.
12
Calculate the greatest common divisor of 1775 and 120984.
71
What is the highest common factor of 7 and 237223?
7
What is the greatest common factor of 7611 and 6195?
177
What is the highest common factor of 771027 and 314?
157
Calculate the greatest common factor of 175 and 8775.
25
Calculate the greatest common factor of 25744 and 112.
16
Calculate the highest common divisor of 110138 and 42.
14
What is the greatest common factor of 70 and 1046304?
14
Calculate the greatest common divisor of 156 and 355524.
156
Calculate the highest common divisor of 3401001 and 36.
9
Calculate the greatest common divisor of 595 and 4158.
7
What is the greatest common factor of 67 and 85090?
67
Calculate the highest common divisor of 244 and 2074.
122
What is the greatest common factor of 412 and 1168?
4
What is the greatest common divisor of 197 and 3162?
1
What is the highest common divisor of 434 and 2666?
62
What is the highest common factor of 255954 and 4582?
58
What is the greatest common factor of 610758 and 18?
18
Calculate the greatest common factor of 3922 and 8586.
106
What is the highest common divisor of 945 and 65765?
35
What is the highest common factor of 1 and 33718?
1
What is the highest common factor of 4425 and 2325?
75
Calculate the highest common divisor of 1720 and 16469.
43
Calculate the greatest common factor of 294 and 1728426.
294
What is the greatest common factor of 747 and 31419?
9
What is the greatest common factor of 1090131 and 666?
111
Calculate the greatest common factor of 7186 and 160.
2
Calculate the highest common factor of 318368 and 128.
32
Calculate the highest common divisor of 42404 and 4.
4
Calculate the greatest common divisor of 10504 and 19796.
404
What is the greatest common factor of 143 and 54002?
13
Calculate the highest common divisor of 19770 and 3225.
15
Calculate the highest common factor of 16475 and 2635.
5
Calculate the highest common factor of 112457 and 107.
107
Calculate the greatest common factor of 854 and 754082.
854
Calculate the greatest common factor of 427 and 27450.
61
Calculate the highest common divisor of 8126 and 714.
34
What is the highest common divisor of 92680 and 840?
280
Calculate the highest common divisor of 65250 and 15370.
290
What is the greatest common factor of 152 and 194332?
76
What is the greatest common divisor of 370 and 30488?
74
Calculate the highest common factor of 4779 and 51.
3
What is the highest common divisor of 32241 and 132?
33
What is the greatest common factor of 121 and 6875?
11
Calculate the greatest common factor of 338 and 11479.
13
Calculate the greatest common divisor of 53938 and 6258.
298
Calculate the highest common factor of 38396 and 348.
116
Calculate the highest common divisor of 7220 and 6850.
10
Calculate the greatest common divisor of 10142 and 154.
22
What is the greatest common factor of 2041428 and 612?
204
Calculate the greatest common divisor of 288 and 8352.
288
What is the greatest common divisor of 9 and 7064712?
9
Calculate the greatest common divisor of 10234 and 11438.
602
Calculate the highest common factor of 26 and 178048.
26
What is the greatest common divisor of 204 and 419764?
68
What is the highest common factor of 499096 and 325?
13
What is the greatest common divisor of 80 and 82736?
16
Calculate the highest common factor of 29524 and 264.
44
Calculate the greatest common factor of 50421 and 21.
21
Calculate the highest common divisor of 135495 and 135.
45
Calculate the greatest common factor of 87115 and 2470.
95
Calculate the highest common factor of 973 and 308.
7
What is the highest common factor of 378 and 65674?
14
What is the highest common divisor of 16740 and 7020?
540
What is the highest common divisor of 28033 and 97?
97
What is the highest common factor of 1430 and 16610?
110
What is the greatest common divisor of 10 and 59956?
2
Calculate the greatest common divisor of 903 and 19635.
21
What is the greatest common factor of 246084 and 24?
12
What is the greatest common divisor of 1178354 and 862?
862
Calculate the highest common divisor of 4708091 and 479.
479
Calculate the greatest common divisor of 47483 and 206.
103
What is the greatest common factor of 244320 and 32?
32
Calculate the highest common factor of 18723 and 9.
3
What is the greatest common divisor of 38911 and 4893?
233
Calculate the highest common divisor of 21576 and 1421.
29
Calculate the highest common factor of 257 and 290153.
257
What is the greatest common factor of 3396 and 228?
12
Calculate the greatest common factor of 94740 and 660.
60
What is the greatest common divisor of 260550 and 270?
270
Calculate the greatest common divisor of 14587 and 1247.
29
What is the greatest common factor of 4159845 and 2910?
1455
What is the highest common factor of 82053 and 162?
81
What is the highest common factor of 27330850 and 50?
50
Calculate the highest common factor of 3548 and 31045.
887
What is the highest common divisor of 14 and 34538?
14
What is the greatest common divisor of 1536 and 14?
2
Calculate the greatest common divisor of 2839740 and 6251.
893
What is the greatest common divisor of 4802 and 311150?
98
What is the greatest common divisor of 38 and 56734?
38
What is the greatest common factor of 55372 and 26596?
436
Calculate the greatest common divisor of 551 and 12087287.
551
Calculate the greatest common factor of 189 and 18591.
3
What is the highest common divisor of 87 and 613698?
87
What is the greatest common divisor of 26996 and 204?
68
Calculate the highest common divisor of 10190 and 710.
10
What is the greatest common f